{"id":1547,"date":"2025-11-27T10:19:07","date_gmt":"2025-11-27T10:19:07","guid":{"rendered":"https:\/\/soniasoleil.com\/?post_type=product&#038;p=1547"},"modified":"2025-12-15T16:12:29","modified_gmt":"2025-12-15T16:12:29","slug":"programa-prenatal-embarazada-y-empoderada","status":"publish","type":"product","link":"https:\/\/soniasoleil.com\/eng\/product\/programa-prenatal-embarazada-y-empoderada\/","title":{"rendered":"Prenatal program: Pregnant and Empowered"},"content":{"rendered":"<h2>\ud83c\udf38\u00a0<strong>Beneficios<\/strong><\/h2>\n<ul>\n<li>Te sentir\u00e1s\u00a0<strong>m\u00e1s tranquila, presente y conectada<\/strong>\u00a0con tu cuerpo en cada etapa.<\/li>\n<li>Reducir\u00e1s molestias f\u00edsicas habituales del embarazo.<\/li>\n<li>Aprender\u00e1s a\u00a0<strong>regular tus emociones<\/strong>\u00a0con la respiraci\u00f3n y el movimiento suave.<\/li>\n<li>Fortalecer\u00e1s tu confianza y\u00a0<strong>tu poder interno para el parto<\/strong>.<\/li>\n<li>Vivir\u00e1s el embarazo desde la calma, la escucha y el amor hacia ti y tu beb\u00e9.<\/li>\n<li>Tendr\u00e1s un\u00a0<strong>acompa\u00f1amiento real<\/strong>, guiado por alguien que ha estado exactamente donde est\u00e1s t\u00fa.<\/li>\n<\/ul>","protected":false},"excerpt":{"rendered":"<div class=\"x_1397161022gmail_default\">\n<div class=\"x_1397161022gmail_default\"><span style=\"color: #000000;\">Un viaje prenatal consciente, grabado mientras viv\u00eda mi propio embarazo.<\/span><br \/>\n<span style=\"color: #000000;\">Clases de yoga por trimestres, respiraci\u00f3n, meditaciones y herramientas para acompa\u00f1arte con calma, presencia y confianza. Aunque est\u00e1 grabado, estar\u00e9 disponible para resolver tus dudas.<\/span><\/div>\n<div class=\"x_1397161022gmail_default\"><\/div>\n<h2><span style=\"color: #000000;\">\u2728\u00a0<strong>Qu\u00e9 incluye<\/strong><\/span><\/h2>\n<ul>\n<li><span style=\"color: #000000;\"><strong>Clases de yoga prenatal<\/strong>\u00a0adaptadas a cada trimestre.<\/span><\/li>\n<li><span style=\"color: #000000;\"><strong>Secuencias para aliviar molestias comunes<\/strong>: lumbar, caderas, insomnio, piernas cansadas, ansiedad\u2026<\/span><\/li>\n<li><span style=\"color: #000000;\"><strong>Ejercicios de respiraci\u00f3n<\/strong>\u00a0para regular emociones, preparar el parto y mantener claridad mental.<\/span><\/li>\n<li><span style=\"color: #000000;\"><strong>Meditaciones guiadas<\/strong>\u00a0para conectar con tu cuerpo, tu beb\u00e9 y tu energ\u00eda interior.<\/span><\/li>\n<li><span style=\"color: #000000;\"><strong>Consejos pr\u00e1cticos<\/strong>\u00a0sobre movimiento, postura, descanso y autocuidado consciente.<\/span><\/li>\n<li><span style=\"color: #000000;\"><strong>Acompa\u00f1amiento cercano<\/strong>: aunque las clases est\u00e1n grabadas, podr\u00e1s escribirme siempre que necesites resolver dudas o adaptar una pr\u00e1ctica a tu momento.<\/span><\/li>\n<\/ul>\n<hr \/>\n<\/div>\n<p><span style=\"color: #000000;\"><span style=\"text-decoration: underline;\"><br \/>\nPrecio normal<\/span>:\u00a0<strong>129 \u20ac<br \/>\n<\/strong><\/span><\/p>\n<p><span style=\"color: #000000;\"><span style=\"text-decoration: underline;\">Precio alumnas Estudio Soleil<\/span>:\u00a0<strong>79 \u20ac<\/strong><\/span><\/p>","protected":false},"featured_media":2033,"comment_status":"closed","ping_status":"closed","template":"","meta":{"_acf_changed":false},"product_brand":[],"product_cat":[43],"product_tag":[],"class_list":{"0":"post-1547","1":"product","2":"type-product","3":"status-publish","4":"has-post-thumbnail","6":"product_cat-curso-online","7":"post","8":"member-discount","9":"discount-restricted","11":"first","12":"instock","13":"virtual","14":"taxable","15":"purchasable","16":"product-type-simple"},"acf":[],"_links":{"self":[{"href":"https:\/\/soniasoleil.com\/eng\/wp-json\/wp\/v2\/product\/1547","targetHints":{"allow":["GET"]}}],"collection":[{"href":"https:\/\/soniasoleil.com\/eng\/wp-json\/wp\/v2\/product"}],"about":[{"href":"https:\/\/soniasoleil.com\/eng\/wp-json\/wp\/v2\/types\/product"}],"replies":[{"embeddable":true,"href":"https:\/\/soniasoleil.com\/eng\/wp-json\/wp\/v2\/comments?post=1547"}],"wp:featuredmedia":[{"embeddable":true,"href":"https:\/\/soniasoleil.com\/eng\/wp-json\/wp\/v2\/media\/2033"}],"wp:attachment":[{"href":"https:\/\/soniasoleil.com\/eng\/wp-json\/wp\/v2\/media?parent=1547"}],"wp:term":[{"taxonomy":"product_brand","embeddable":true,"href":"https:\/\/soniasoleil.com\/eng\/wp-json\/wp\/v2\/product_brand?post=1547"},{"taxonomy":"product_cat","embeddable":true,"href":"https:\/\/soniasoleil.com\/eng\/wp-json\/wp\/v2\/product_cat?post=1547"},{"taxonomy":"product_tag","embeddable":true,"href":"https:\/\/soniasoleil.com\/eng\/wp-json\/wp\/v2\/product_tag?post=1547"}],"curies":[{"name":"wp","href":"https:\/\/api.w.org\/{rel}","templated":true}]}}